l) = -l**2 + l - 1. Let f(r) = -2*r - 3. Let n be f(-4). Let m(u) = -6*u**2 + 7*u - 7. Let c(q) = n*x(q) - m(q). What is c(3)?
5
Suppose -2*y = 5 + 3, -5*y = -3*i + 32. Suppose 0*h - 16 = -i*h. Let w(a) = -2*a - 3. Determine w(h).
-11
Let l be -1*(-1)/(-3)*-9. Let h(c) = c**2 - 3*c + 1. Let q be h(l). Let o(r) be the first derivative of 3*r**2/2 - r + 1. Give o(q).
2
Suppose 2*w - 302 = -7*o + 3*o, 4*o - 2*w = 322. Let n be (o/15 - 1)*5. Suppose -2*x = x - 3*k - 9, -5*k = -2*x + n. Let h(m) = -2*m**2 - m + 2. Determine h(x).
-4
Suppose -2*p + 6*p + 4 = 0. Let f(v) = -7*v - 1. Calculate f(p).
6
Let t(w) be the third derivative of w**6/120 + w**5/12 + w**4/8 + w**3/2 - 26*w**2. Suppose 2*v = -v - 15. Calculate t(v).
-12
Let s = 6 - 7. Let l be s*(-2)/(-3)*-3. Let c(h) = 2*h**2 - 2*h + 3. Calculate c(l).
7
Let i(r) be the second derivative of r**4/12 - 4*r**3/3 + 3*r**2/2 - 2*r. What is i(5)?
-12
Suppose 4*y - y - 6 = 0. Let w(b) = -b**y + 0*b + 5*b**2 - b. What is w(-1)?
5
Let n(b) = -3*b**2 + b + 2. Suppose 0 = 2*w - 3 - 7. Suppose 4*i - w*t - 7 = 21, t + 4 = 0. Calculate n(i).
-8
Let x(d) = 5*d**2 + 4*d + 5. Let j(i) = -11*i**2 - 9*i - 11. Let u(g) = -6*j(g) - 13*x(g). Suppose -26 = y - 25. Give u(y).
0
Let r(y) = y**3 + 11*y**2 - 6*y - 12. Let v(k) = k**3 + 9*k**2 - 5*k - 11. Let x(p) = 5*r(p) - 6*v(p). Determine x(0).
6
Let q be 4/(-6) + 168/63. Let o(m) = -2*m**2 + 3*m. Give o(q).
-2
Suppose -6 = -5*h + 19. Suppose 2 - h = 3*z. Let v(c) = 4*c. Give v(z).
-4
Let z = 42 + -23. Suppose 3*g - z = 5*y - 3, 10 = 4*g - y. Let l(x) = -g - x + 3 - 5. Determine l(0).
-4
Let d(z) = 5 - 4*z + 7*z + 0*z. Give d(-5).
-10
Let n(m) = -m**2 + 8*m - 9. Suppose -2*v = 5*g - 4, 2*v = -2*v - 4*g + 20. Let y be n(v). Let h(s) = -3*s**2. Determine h(y).
-12
Suppose -2*a - a = 0. Let p(n) be the third derivative of -2*n**2 - 1/120*n**6 - 1/6*n**4 + a - 1/20*n**5 - 2/3*n**3 + 0*n. Calculate p(-3).
8
Let c(n) = n**3 + 2 + 41*n - 5*n**2 - 46*n + 4. Give c(6).
12
Let n(b) be the first derivative of -b**2 - b - 26. Determine n(-3).
5
Let k(r) = 5 + r - 3 - 3 - 5. What is k(6)?
0
Let q(s) = s**3 + 3*s**2 - 5*s. Let i = 1 + -5. Let z be q(i). Let t(o) = -2*o + 5. Calculate t(z).
-3
Let l(a) = a**3 + a**2 + 1. Let b(w) = 4*w**3 + 2*w + 3. Let q(g) = b(g) - 3*l(g). Determine q(2).
0
Let x(q) = q**3 - 6*q**2 + 2*q - 1. Suppose 3*k = 14*k - 55. What is x(k)?
-16
Let x(p) be the second derivative of -p**4/12 + 5*p**3/3 - 11*p**2/2 - 3*p. Let b be x(8). Let s(z) = 1. Let q(n) = n - 3. Let h(y) = q(y) + 4*s(y). Give h(b).
6
Let z(a) = a**2 + 5*a - 3. Let j be z(-6). Let d be 14/4 + 21/(-14). Let u(o) = -o + 0*o**2 + 5*o**2 - 4*o**d + 1. Give u(j).
7
Let m(c) = c**2 + 5*c + 2. Let w(k) = 2*k**2 + 0 + 0 + 4 + 10*k. Let f(q) = -5*m(q) + 2*w(q). Let z = 5 + -7. Calculate f(z).
4
Let z(m) be the second derivative of m**4/12 - 4*m**3/3 - 5*m**2/2 - 33*m. Give z(8).
-5
Let i(p) = -p**3 + 4*p**2 - 5*p - 3. Let d(r) = 3*r**3 - 7*r**2 + 11*r + 5. Let v(k) = 2*d(k) + 5*i(k). Calculate v(-6).
13
Let n(x) = 6*x**2 - 9*x - 2*x + 9*x - 1. Determine n(-1).
7
Let h(r) = r - 9. Let d(u) = 3*u - 7. Let k(i) = -13*i + 27. Let t(v) = -9*d(v) - 2*k(v). Let w(c) = 3*h(c) + 2*t(c). Calculate w(0).
-9
Let y be -6*(4/8 - 0). Let k(r) = 3*r - 3. Give k(y).
-12
Let o(v) be the first derivative of v - 1/2*v**2 - 3. Let x be (-1 - 2)*(-4)/6. What is o(x)?
-1
Suppose -5*t - 3*d = 19 + 11, 4*d = -t - 23. Let p(a) be the second derivative of a**3/6 + 2*a**2 - 112*a. What is p(t)?
1
Let g = 5 + 2. Suppose -g*y + 6*y = 0. Let q(r) = -r + 1. What is q(y)?
1
Let q(v) = v - 7. Suppose 5*h + 25 = -4*n, -n - 3*n + 4*h + 20 = 0. What is q(n)?
-7
Let n(d) = d**2 - 5*d + 7. Let o = 4 - 5. Let s(j) = j - 1. Let b(v) = o*n(v) - 5*s(v). Let q(z) = -z**3 - 7*z**2 - 6*z. Let f be q(-6). What is b(f)?
-2
Let g(v) = 64 - 2*v + v - 30 - 22. Let s = 8 + -2. Calculate g(s).
6
Let q(j) = 0*j + 5*j - 4 + 2*j**2 - j**2 - 3*j. Let c(k) = k**3 - k**2 - k - 4. Let u be c(0). What is q(u)?
4
Let m = 153 - 154. Let r(z) = -12*z - 1. Calculate r(m).
11
Let u(f) be the first derivative of 0*f + 1/3*f**3 - 1/2*f**2 + 9/4*f**4 - 2. Give u(1).
9
Let y(f) = -f + 2. Suppose -u - 4*v = -108, -3*u - 5*v = -4*u + 117. Let z be 6/(-33) - u/(-11). Let c be (z/(-4))/(-1)*2. Give y(c).
-3
Let a(p) = -p**2 + 2*p - 6. Let g(w) = -1. Let q(r) = -a(r) + 6*g(r). Suppose 3*f - 6*f = o - 7, -12 = -4*f. Calculate q(o).
8
Let k(m) be the first derivative of -m**3/3 - 3*m**2/2 + 2. Calculate k(-3).
0
Let t(v) = -v**3 + 3*v**2 - 2*v + 1. Let s = -11 - -12. What is t(s)?
1
Let s = -25 + 25. Let v(c) = 0*c + 5*c + 9 + s - 3*c. Give v(-6).
-3
Let a(k) = -4*k**3 - 3*k**2 + 5. Let d(h) = h**2 + 3 - 4 + 0 + h**3. Let y(w) = -a(w) - 3*d(w). What is y(2)?
6
Let r(g) = -9*g - 3*g**2 + 2*g**2 + 3*g. Determine r(-4).
8
Let w(j) be the third derivative of -1/12*j**4 + 0 - 1/60*j**5 + 0*j + 0*j**3 - 4*j**2. Calculate w(-2).
0
Let j(s) = 3*s**2. Suppose 3*u + 8 = i, 2*u = -0*i + 3*i - 10. Determine j(i).
12
Let o = 10 - 6. Let j(s) be the first derivative of s**3/3 - s**2 - 2*s + 1. Give j(o).
6
Let o(v) be the first derivative of v**4/4 - 5*v**3/3 + v**2 - 7*v + 1. Let l be (-4 + 3)/(2/(-6)). Suppose -5*g + l = -22. Determine o(g).
3
Let d(t) = t**2 - 3*t - 3. Let o(h) be the first derivative of -h**2/2 - h - 1. Let y be 3/(-7) + 384/(-84). Let i be o(y). Calculate d(i).
1
Let u(t) be the second derivative of -t**3/6 + 7*t**2/2 - 20*t. Give u(8).
-1
Let p(y) be the second derivative of -1/2*y**3 - 13/2*y**2 + 0 - 3*y. Let q(h) = h + 6. Let m(c) = -2*p(c) - 5*q(c). What is m(-5)?
-9
Let y(n) = 5*n + 8. Let k(x) = -3*x - 4. Let h(b) = 9*k(b) + 4*y(b). Let q(p) = 6*p + 4. Let v(m) = 5*h(m) + 6*q(m). What is v(-4)?
0
Suppose -4*l = 3*d - 30 + 10, -15 = d - 3*l. Let z(w) = w**2 - w - 1. Let h(m) = -m**3 + 5*m**2 - 4*m + 6. Let s(q) = -h(q) + 4*z(q). Calculate s(d).
-10
Let t(l) = -1 - l + 1 + 2*l. Calculate t(5).
5
Let j(c) be the first derivative of -2*c**2 - 7/6*c**3 + 1/20*c**5 + 1/3*c**4 - 1 - 2*c. Let t(n) be the first derivative of j(n). Determine t(-5).
6
Let i(x) = 0*x + 3*x + 4 + 0*x. Suppose -2*b - 2*b - 5*j - 1 = 0, j = -2*b - 5. Calculate i(b).
-8
Let a(j) = j + 4. Let c(v) = -v - 2. Let g be c(-2). Determine a(g).
4
Let d = -9 + 17. Let n(o) = -o + 5. What is n(d)?
-3
Let m(g) = -2*g + 1. Suppose -15 + 5 = -5*t. Let p = t + -5. Determine m(p).
7
Suppose -w - 2 + 4 = 0. Let j = w + -3. Let g(n) = -8*n**2 - n. Give g(j).
-7
Let m(j) be the second derivative of j**3/6 - j**2 + 2*j. What is m(-2)?
-4
Suppose 7 + 9 = 4*t. Let a(k) = -k - 4. Determine a(t).
-8
Let j = -96 - -96. Let q(d) = -d**2 - d + 23. Determine q(j).
23
Let p be (3/2)/(12/16). Suppose 5*g + 32 = 4*m, 4*m - p*m + 14 = -5*g. Let f(u) = u**3 + 1 - m*u + 2*u**3 + u. Calculate f(1).
2
Let w(m) = -m**2 + m + 1. Let o be w(1). Let q(k) = 8*k. Let g(n) = n. Let h(u) = 28*g(u) - 3*q(u). What is h(o)?
4
Let g(r) = r**2 + 12*r + 21. Let x be g(-9). Let f(v) = -2*v - 2. Calculate f(x).
10
Let z(m) = 0 - 9 - m - 1. Suppose 0 = -5*s + 3*s + 12. Let f = -6 + s. Give z(f).
-10
Let t be (0 + 6/(-4))*-4. Let z(j) = j**3 - 11*j**2 + 11*j - 5. Let o(r) = r**2 - r + 1. Let q(h) = 4*o(h) + z(h). What is q(t)?
5
Let k(j) = 2*j - 4. Suppose 2*s - 10 = -4*h, 13 = -4*s + 1. Suppose -11 = -3*l + h. Determine k(l).
6
Suppose -9*t = -5*t. Let y(s) be the first derivative of t*s - 1 - 1/3*s**3 + 1/2*s**2. What is y(2)?
-2
Let t(k) be the second derivative of k**4/3 + k**3/6 + k**2/2 + 11*k. Determine t(-1).
4
Let t = -41753/840 - -348/7. Let n(j) be the third derivative of -1/12*j**5 - 2/3*j**3 + 0 + 2*j**2 + 1/8*j**4 + t*j**6 + 0*j. What is n(4)?
-8
Let p(s) be the second derivative of -s**4 - s**2/2 + 5*s. What is p(-1)?
-13
Let p(b) = -2*b - 9. Let t(z) = -5*z**2 + z - 2. Let w be t(1). Determine p(w).
3
Suppose k + 31 = 3*p, -p + 1 = 5*k - 4. Let h(y) = -y**3 + 9*y**2 + 12*y - 14. Let s be h(p). Let j(o) = o - 2. What is j(s)?
4
Suppose -4*c + 1 = -3. Let y(n) = 3 + n + c - 6. Let v(x) = -x + 8. Let r be v(6). Give y(r).
0
Suppose 12 - 47 = -5*r. Let n = -11 + r. Let k(u) = 14*u + 2. Let c(d) = -5*d - 1. Let l(i) = -8*c(i) - 3*k(i). Determine l(n).
10
Let k(m) = m + 5. Let u be (45/(-60))/((-2)/16). Suppose -2*b = -4*b - u